{"id":35,"date":"2019-09-04T22:21:47","date_gmt":"2019-09-04T20:21:47","guid":{"rendered":"http:\/\/d.websupport.sk\/emerka.sk\/?page_id=35"},"modified":"2022-05-26T10:59:02","modified_gmt":"2022-05-26T08:59:02","slug":"kontakt","status":"publish","type":"page","link":"https:\/\/emerka.sk\/?page_id=35","title":{"rendered":"Kontakt"},"content":{"rendered":"\n<p class=\"has-large-font-size\"><strong>EMERKA &#8211; rodinn\u00e9 oddychov\u00e9 centrum, ob\u010dianske zdru\u017eenie<\/strong><\/p>\n\n\n\n<p class=\"has-large-font-size\">Bernol\u00e1kova 21<\/p>\n\n\n\n<p class=\"has-large-font-size\">080 01&nbsp;&nbsp; Pre\u0161ov<\/p>\n\n\n\n<p class=\"has-large-font-size\"><strong>Tel.<\/strong>:  0908 384 216<\/p>\n\n\n\n<p class=\"has-large-font-size\"><strong>Email<\/strong>: emerka.roc@gmail.com<\/p>\n\n\n\n<p class=\"has-large-font-size\">( v priestoroch S\u00fakromnej z\u00e1kladnej \u0161koly Filip, pre \u017eiakov  s poruchami aktivity a pozornosti)<\/p>\n\n\n\n<p class=\"has-large-font-size\"><strong>MHD:<\/strong> linka \u010d. 4,11, 36 (smer Pod \u0160algov\u00edkom), vyst\u00fapi\u0165 na  kone\u010dnej zast\u00e1vke ( Pod \u0160algov\u00edkom) &#8211; z\u00eds\u0165 dolu po schodoch, na\u013eavo  vid\u00edte S\u00fakromn\u00fa z\u00e1kladn\u00fa \u0161kolu. <\/p>\n\n\n\n<p class=\"has-large-font-size\">V priestoroch \u0161koly je na\u0161e s\u00eddlo.<\/p>\n\n\n\n<h1><\/h1>\n\n\n\n<p class=\"has-large-font-size\"><\/p>\n\n\n\n<p class=\"has-large-font-size\"><strong>\u010c\u00edslo \u00fa\u010dtu: <\/strong>SK49 0900 0000 0005 0390 5100<\/p>\n\n\n\n<p class=\"has-large-font-size\"><strong>I\u010cO:<\/strong> 42 037 433<\/p>\n\n\n\n<p><\/p>\n","protected":false},"excerpt":{"rendered":"<p>EMERKA &#8211; rodinn\u00e9 oddychov\u00e9 centrum, ob\u010dianske zdru\u017eenie Bernol\u00e1kova 21 080 01&nbsp;&nbsp; Pre\u0161ov Tel.: 0908 384 216 Email: emerka.roc@gmail.com ( v priestoroch S\u00fakromnej z\u00e1kladnej \u0161koly Filip, pre \u017eiakov s poruchami aktivity a pozornosti) MHD: linka \u010d. 4,11, 36 (smer Pod \u0160algov\u00edkom), vyst\u00fapi\u0165 na kone\u010dnej zast\u00e1vke ( Pod \u0160algov\u00edkom) &#8211; z\u00eds\u0165 dolu po schodoch, na\u013eavo vid\u00edte S\u00fakromn\u00fa <a class=\"read-more\" href=\"https:\/\/emerka.sk\/?page_id=35\">\u010cita\u0165 \u010falej<\/a><\/p>\n","protected":false},"author":1,"featured_media":0,"parent":0,"menu_order":0,"comment_status":"closed","ping_status":"closed","template":"","meta":{"ngg_post_thumbnail":0,"_monsterinsights_skip_tracking":false,"_monsterinsights_sitenote_active":false,"_monsterinsights_sitenote_note":"","_monsterinsights_sitenote_category":0},"_links":{"self":[{"href":"https:\/\/emerka.sk\/index.php?rest_route=\/wp\/v2\/pages\/35"}],"collection":[{"href":"https:\/\/emerka.sk\/index.php?rest_route=\/wp\/v2\/pages"}],"about":[{"href":"https:\/\/emerka.sk\/index.php?rest_route=\/wp\/v2\/types\/page"}],"author":[{"embeddable":true,"href":"https:\/\/emerka.sk\/index.php?rest_route=\/wp\/v2\/users\/1"}],"replies":[{"embeddable":true,"href":"https:\/\/emerka.sk\/index.php?rest_route=%2Fwp%2Fv2%2Fcomments&post=35"}],"version-history":[{"count":6,"href":"https:\/\/emerka.sk\/index.php?rest_route=\/wp\/v2\/pages\/35\/revisions"}],"predecessor-version":[{"id":499,"href":"https:\/\/emerka.sk\/index.php?rest_route=\/wp\/v2\/pages\/35\/revisions\/499"}],"wp:attachment":[{"href":"https:\/\/emerka.sk\/index.php?rest_route=%2Fwp%2Fv2%2Fmedia&parent=35"}],"curies":[{"name":"wp","href":"https:\/\/api.w.org\/{rel}","templated":true}]}}