{"id":253,"date":"2019-09-27T22:10:50","date_gmt":"2019-09-27T20:10:50","guid":{"rendered":"http:\/\/emerka.sk\/?page_id=253"},"modified":"2023-05-30T16:28:31","modified_gmt":"2023-05-30T14:28:31","slug":"2-2","status":"publish","type":"page","link":"https:\/\/emerka.sk\/?page_id=253","title":{"rendered":"2%"},"content":{"rendered":"\n<p class=\"has-large-font-size\">Aj tento rok v\u00e1s chceme poprosi\u0165 o 2% z va\u0161ich dan\u00ed. Pou\u017eijeme ich na zve\u013eadenie spolo\u010dn\u00e9ho priestoru a skvalitnenie slu\u017eieb.<\/p>\n\n\n\n<p class=\"has-large-font-size\">Ver\u00edme, \u017ee sa budeme v\u0161etci lep\u0161ie c\u00edti\u0165 vo vynoven\u00fdch a zdrav\u0161\u00edch priestoroch.<\/p>\n\n\n\n<p class=\"has-large-font-size\"><strong>\u010eAKUJEME !<\/strong><\/p>\n","protected":false},"excerpt":{"rendered":"<p>Aj tento rok v\u00e1s chceme poprosi\u0165 o 2% z va\u0161ich dan\u00ed. Pou\u017eijeme ich na zve\u013eadenie spolo\u010dn\u00e9ho priestoru a skvalitnenie slu\u017eieb. Ver\u00edme, \u017ee sa budeme v\u0161etci lep\u0161ie c\u00edti\u0165 vo vynoven\u00fdch a zdrav\u0161\u00edch priestoroch. \u010eAKUJEME !<\/p>\n","protected":false},"author":2,"featured_media":0,"parent":0,"menu_order":0,"comment_status":"closed","ping_status":"closed","template":"","meta":{"ngg_post_thumbnail":0,"_monsterinsights_skip_tracking":false,"_monsterinsights_sitenote_active":false,"_monsterinsights_sitenote_note":"","_monsterinsights_sitenote_category":0},"_links":{"self":[{"href":"https:\/\/emerka.sk\/index.php?rest_route=\/wp\/v2\/pages\/253"}],"collection":[{"href":"https:\/\/emerka.sk\/index.php?rest_route=\/wp\/v2\/pages"}],"about":[{"href":"https:\/\/emerka.sk\/index.php?rest_route=\/wp\/v2\/types\/page"}],"author":[{"embeddable":true,"href":"https:\/\/emerka.sk\/index.php?rest_route=\/wp\/v2\/users\/2"}],"replies":[{"embeddable":true,"href":"https:\/\/emerka.sk\/index.php?rest_route=%2Fwp%2Fv2%2Fcomments&post=253"}],"version-history":[{"count":6,"href":"https:\/\/emerka.sk\/index.php?rest_route=\/wp\/v2\/pages\/253\/revisions"}],"predecessor-version":[{"id":807,"href":"https:\/\/emerka.sk\/index.php?rest_route=\/wp\/v2\/pages\/253\/revisions\/807"}],"wp:attachment":[{"href":"https:\/\/emerka.sk\/index.php?rest_route=%2Fwp%2Fv2%2Fmedia&parent=253"}],"curies":[{"name":"wp","href":"https:\/\/api.w.org\/{rel}","templated":true}]}}